se 16, what is -8 - -1f8?
1f0
In base 3, what is 202 - -10110?
11012
In base 3, what is 10 + -110?
-100
In base 13, what is -1 - -15?
14
In base 11, what is 594 - 0?
594
In base 11, what is 0 + 3?
3
In base 6, what is -15 - -111?
52
In base 14, what is 7 - -7a?
83
In base 10, what is -15 + 49?
34
In base 8, what is 7 - 2553?
-2544
In base 2, what is -110101 - -11?
-110010
In base 13, what is 3 + 131?
134
In base 6, what is 32525 - -1?
32530
In base 9, what is 1558 + 5?
1564
In base 11, what is -12 - -187?
175
In base 3, what is -2 + 21121?
21112
In base 3, what is 1102 - 22101?
-20222
In base 3, what is 21 + 20?
111
In base 10, what is 1329 + 5?
1334
In base 3, what is -1202 + 11102?
2200
In base 4, what is -220 - -12203?
11323
In base 3, what is -12020 + 101?
-11212
In base 2, what is -1000 + -101000001?
-101001001
In base 6, what is -4 - 3111?
-3115
In base 2, what is -10 - -1011?
1001
In base 14, what is 18a4 + 4?
18a8
In base 5, what is -10 - 11103?
-11113
In base 5, what is 13024 + 0?
13024
In base 12, what is 574 - 7?
569
In base 13, what is 315 + 4?
319
In base 15, what is -84 + 0?
-84
In base 7, what is -153 - -1?
-152
In base 11, what is 0 - 4831?
-4831
In base 16, what is 5 + -5?
0
In base 4, what is 1033 + 11?
1110
In base 15, what is -4 + -644?
-648
In base 3, what is -10 + -212?
-222
In base 7, what is 431 - -65?
526
In base 11, what is -23 + -47?
-6a
In base 11, what is -3 - -25?
22
In base 13, what is 1 + b5?
b6
In base 2, what is 11001010 + 1010?
11010100
In base 5, what is -41 - 11?
-102
In base 10, what is 50 - -5?
55
In base 13, what is -262 - -4?
-25b
In base 12, what is -82a - -2?
-828
In base 7, what is -4 + 54?
50
In base 12, what is 1 - -10?
11
In base 8, what is -20 + 11?
-7
In base 9, what is -36 + -1?
-37
In base 13, what is 33 + 83?
b6
In base 4, what is 210 + -130?
20
In base 15, what is -6 - 10?
-16
In base 4, what is -113 + -12?
-131
In base 9, what is 10 - -21?
31
In base 2, what is 100000010 + -11?
11111111
In base 2, what is -10011101 - -1?
-10011100
In base 11, what is 25a - -4?
263
In base 16, what is -3bc - 7?
-3c3
In base 12, what is 8 + -4a9?
-4a1
In base 7, what is -1130 - -20?
-1110
In base 6, what is -3004 - -2?
-3002
In base 6, what is -2030 - -3?
-2023
In base 12, what is -1 + 225?
224
In base 8, what is -4 + -2004?
-2010
In base 11, what is 44 - -24?
68
In base 7, what is -206 - -4?
-202
In base 7, what is -4206 + 4?
-4202
In base 13, what is 3 - 2068?
-2065
In base 3, what is -1200020 - 11?
-1200101
In base 3, what is 120212 + 12?
121001
In base 4, what is 1 + -203?
-202
In base 11, what is -5 - 158?
-162
In base 8, what is -61 - 5?
-66
In base 4, what is -13231 - -2?
-13223
In base 6, what is 2 + 1141?
1143
In base 14, what is 0 - dd?
-dd
In base 7, what is -44 - -10?
-34
In base 8, what is 7720 + 5?
7725
In base 13, what is -5 + c0c?
c07
In base 10, what is -327 + 0?
-327
In base 15, what is -14 + 1?
-13
In base 14, what is -4 + 303?
2dd
In base 4, what is 11201 - 100?
11101
In base 14, what is -6 - 1b3?
-1b9
In base 13, what is -4a + 6?
-44
In base 13, what is 4 + -c9?
-c5
In base 8, what is 6 + 441?
447
In base 13, what is -24 + 26?
2
In base 2, what is 110000 - 101?
101011
In base 5, what is -3 - -102?
44
In base 10, what is -141 + 4?
-137
In base 7, what is 3 + -113?
-110
In base 3, what is -20202 + -1002?
-21211
In base 13, what is 8 + 22?
2a
In base 9, what is -18 - -25?
6
In base 5, what is -310 + -12?
-322
In base 8, what is 5 - 420?
-413
In base 4, what is 2 - 1?
1
In base 8, what is 2 - 32?
-30
In base 4, what is -13033 + -10?
-13103
In base 8, what is -33 - 36?
-71
In base 13, what is -cc + -2?
-101
In base 5, what is 10 + -34?
-24
In base 9, what is 21212 + 4?
21216
In base 7, what is 1 - 11154?
-11153
In base 5, what is 122 - -11?
133
In base 4, what is 100122 + -11?
100111
In base 6, what is 4 + -250?
-242
In base 16, what is -225 + -1?
-226
In base 15, what is 1 + 2?
3
In base 3, what is -12 - -101?
12
In base 6, what is -121 - -2?
-115
In base 11, what is -3 - 1007?
-100a
In base 16, what is 14 - -8?
1c
In base 16, what is 4d6 + 1?
4d7
In base 11, what is 5 + -874?
-86a
In base 16, what is 1690 + -2?
168e
In base 6, what is -3 - 54?
-101
In base 7, what is -64 - 2?
-66
In base 16, what is 5 - -17?
1c
In base 9, what is -6 + 3?
-3
In base 8, what is -14344 + 5?
-14337
In base 15, what is -7 + -2cd?
-2d5
In base 16, what is -4 - -5?
1
In base 4, what is -100 - 12?
-112
In base 2, what is -11001 - 11001101?
-11100110
In base 8, what is 3 + -31?
-26
In base 5, what is 21 + 11?
32
In base 15, what is 5 - 1e?
-19
In base 9, what is 4 + -725?
-721
In base 10, what is 5 + 4017?
4022
In base 4, what is -10 - -33120?
33110
In base 16, what is -7a + 4?
-76
In base 4, what is 10 - 13002?
-12332
In base 11, what is 1698 - 1?
1697
In base 11, what is -289 + 2?
-287
In base 10, what is -2 + 14?
12
In base 8, what is 1356 - 4?
1352
In base 13, what is b0c + 0?
b0c
In base 3, what is 1201 + 10212?
12120
In base 9, what is 16 + 734?
751
In base 7, what is 10 - -44?
54
In base 15, what is -a - -53?
48
In base 2, what is 11010000001 + -1?
11010000000
In base 9, what is -7 + 63?
55
In base 15, what is -2 - 3c3?
-3c5
In base 12, what is b + 17?
26
In base 2, what is 0 - 101010010?
-101010010
In base 3, what is 2202 - 12?
2120
In base 13, what is b3 + 2?
b5
In base 16, what is -82c - d?
-839
In base 2, what is -10110011001 + 100?
-10110010101
In base 5, what is -42 - 22?
-114
In base 4, what is -2210 - 20?
-2230
In base 2, what is -11001 - -100011101?
100000100
In base 9, what is 11 - 51?
-40
In base 5, what is 130204 + 10?
130214
In base 8, what is -1214 + -11?
-1225
In base 7, what is 3 - -231?
234
In base 13, what is 15 - -3?
18
In base 13, what is 1 - 33?
-32
In base 9, what is 3 + 126?
130
In base 4, what is -10 + 11?
1
In base 11, what is 55 + 9?
63
In base 8, what is -153 + 5?
-146
In base 7, what is 3 + -45?
-42
In base 3, what is -2222021 + -10?
-2222101
In base 16, what is -33 - -d?
-26
In base 5, what is 10 + -113?
-103
In base 11, what is 5 + -496?
-491
In base 14, what is 4778 + -2?
4776
In base 4, what is 1202101 + -11?
1202030
In base 16, what is 0 + 0?
0
In base 4, what is 201 + 2?
203
In base 10, what is 4 + -22?
-18
In base 14, what is 2 - 3d?
-3b
In base 3, what is -111020220 - 1?
-111020221
In base 10, what is -340 - 5?
-345
In base 13, what is -3881 - 5?
-3886
In base 5, what is 232 - -41?
323
In base 14, what is -4db - -9?
-4d2
In base 10, what is 602 + 5?
607
In base 12, what is -656 + -1?
-657
In base 8, what is 0 - 2642?
-2642
In base 9, what is -4 - -38?
34
In base 16, what is 4 - 141?
-13d
In base 13, what is 6 + -75?
-6c
In base 11, what is 2 + 332?
334
In base 12, what is 85 + 7?
90
In base 14, what is 27 - -8d?
b6
In base 10, what is 3 - -188?
191
In base 6, what is -23231 + -4?
-23235
In base 3, what is 0 - -1120?
1120
In base 7, what is -154 + 135?
-16
In base 4, what is 3211 + 321?
10132
In base 10, what is 62 - -7?
69
In base 3, what is 20110010 + -2?
20110001
In base 10, what is 27 - 2?
25
In base 4, what is 103200 + 2?
103202
In base 6, what is 2 + -1255?
-1253
In base 7, what is -122665 + -3?
-123001
In base 7, what is 162 + -1?
161
In base 4, what is 21 - -1121?
1202
In base 2, what is -101010001 - -1?
-101010000
In base 7, what is 3 + 3333?
3336
In base 7, what is 25 - 2?
23
In base 3, what is 1101 - 201?
200
In base 9, what is -1 + -1865?
-1866
In base 13, what is 8368 - 1?
8367
In base 7, what is -53 + 100?
14
In base 3, what is 2010000 - -200?
2010200
In base 15, what is 2 + -b1?
-ae
In base 2, what is -10100001 - -11011?
-10000110
In base 3, what is 12 - -2202100?
2202112
In base 3, what is -221021 + 112?
-220202
In base 3, what is 1002212 - 2?
1002210
In base 5, what is 13104 + -4?
13100
In base 8, what is -10113 + -3?
-10116
In base 14, what is 6a - 2?
68
In base 7, what is 63 + -53?
10
In base 5, what is 10 + 233?
243
In base 9, what is 63 - 2?
61
In base 8, what is -442 + -4?
-446
In base 4, what is -32 + 1113?
1021
In base 7, what is -50 + 55?
5
In base 10, what is 3 + 99?
102
In base 6, what is -13415 + -5?
-13424
In base 5, what is 122221 - -3?
122224
In base 16, what is -3 - 659?
-65c
In base 4, what is 333213 + -10?
333203
In base 11, what is 280 